{"id":4917,"date":"2015-04-23T14:38:22","date_gmt":"2015-04-23T12:38:22","guid":{"rendered":"http:\/\/areatest.attems.it\/?page_id=4917"},"modified":"2021-11-26T17:11:25","modified_gmt":"2021-11-26T16:11:25","slug":"die-geschichte","status":"publish","type":"page","link":"https:\/\/www.attems.it\/fr\/die-geschichte\/","title":{"rendered":"Die Geschichte"},"content":{"rendered":"<p><strong>Attems im Collio<\/strong><\/p>\n<p>Der Ursprung des Unternehmens Attems im Friaul liegt weit in der Vergangenheit. Zahlreiche historische Zeugnisse belegen ausf\u00fchrlich dessen Ans\u00e4ssigkeit in der Region, dessen exzellentes Beziehungsgeflecht in Handel, Politik und Gesellschaft sowie ein starkes Interesse am Weinbau.<br \/>\n<strong>1964: Douglas Attems gr\u00fcndet das \u201eCollio-Wein-Konsortium\u201c<\/strong><\/p>\n<p>Einer alten Tradition folgend gr\u00fcndete Graf Douglas Attems 1964 das \u201cConsorzio dei Vini del Collio\u201d, dem er bis zum Jahr 1999 vorstand. Anlass, diese wichtige Institution ins Leben zu rufen, war die Einf\u00fchrung von Qualit\u00e4tsvorschriften, die auch heute noch gelten und dar\u00fcber wachen, dass in einer Anbauzone eine nat\u00fcrliche Mengenbegrenzung der Trauben eingehalten und somit eine hohe Qualit\u00e4t der <a href=\"http:\/\/www.lucedellavite.com\/de-de\/lucebrunello2007(de-de).aspx#\" target=\"_blank\" rel=\"noopener\">Weine<\/a>beg\u00fcnstigt wird.<\/p>\n","protected":false},"excerpt":{"rendered":"<p>Attems im Collio Der Ursprung des Unternehmens Attems im Friaul liegt weit in der Vergangenheit. Zahlreiche historische Zeugnisse belegen ausf\u00fchrlich&#8230;<\/p>\n","protected":false},"author":9,"featured_media":0,"parent":0,"menu_order":0,"comment_status":"open","ping_status":"open","template":"page-custom-istituzionale.php","meta":[],"yoast_head":"<!-- This site is optimized with the Yoast SEO plugin v16.3 - https:\/\/yoast.com\/wordpress\/plugins\/seo\/ -->\n<meta name=\"description\" content=\"Die Geschichte von Attems in Friaul hat antike Urspr\u00fcnge. Zahlreiche historische Zeugnisse dokumentieren die Pr\u00e4senz auf dem Territorium.\" \/>\n<meta name=\"robots\" content=\"index, follow, max-snippet:-1, max-image-preview:large, max-video-preview:-1\" \/>\n<link rel=\"canonical\" href=\"https:\/\/www.attems.it\/fr\/die-geschichte\/\" \/>\n<meta property=\"og:locale\" content=\"fr_FR\" \/>\n<meta property=\"og:type\" content=\"article\" \/>\n<meta property=\"og:title\" content=\"Die Geschichte von Attems in Friaul hat antike Urspr\u00fcnge\" \/>\n<meta property=\"og:description\" content=\"Die Geschichte von Attems in Friaul hat antike Urspr\u00fcnge. Zahlreiche historische Zeugnisse dokumentieren die Pr\u00e4senz auf dem Territorium.\" \/>\n<meta property=\"og:url\" content=\"https:\/\/www.attems.it\/de\/die-geschichte\/\" \/>\n<meta property=\"og:site_name\" content=\"Attems\" \/>\n<meta property=\"article:modified_time\" content=\"2021-11-26T16:11:25+00:00\" \/>\n<meta name=\"twitter:card\" content=\"summary_large_image\" \/>\n<meta name=\"twitter:label1\" content=\"Dur\u00e9e de lecture est.\">\n\t<meta name=\"twitter:data1\" content=\"1 minute\">\n<script type=\"application\/ld+json\" class=\"yoast-schema-graph\">{\"@context\":\"https:\/\/schema.org\",\"@graph\":[{\"@type\":\"WebSite\",\"@id\":\"https:\/\/www.attems.it\/#website\",\"url\":\"https:\/\/www.attems.it\/\",\"name\":\"Attems\",\"description\":\"Nella storia e nel futuro dei vini del Friuli\",\"potentialAction\":[{\"@type\":\"SearchAction\",\"target\":\"https:\/\/www.attems.it\/?s={search_term_string}\",\"query-input\":\"required name=search_term_string\"}],\"inLanguage\":\"fr-FR\"},{\"@type\":\"WebPage\",\"@id\":\"https:\/\/www.attems.it\/de\/die-geschichte\/#webpage\",\"url\":\"https:\/\/www.attems.it\/de\/die-geschichte\/\",\"name\":\"Die Geschichte von Attems in Friaul hat antike Urspr\\u00fcnge\",\"isPartOf\":{\"@id\":\"https:\/\/www.attems.it\/#website\"},\"datePublished\":\"2015-04-23T12:38:22+00:00\",\"dateModified\":\"2021-11-26T16:11:25+00:00\",\"description\":\"Die Geschichte von Attems in Friaul hat antike Urspr\\u00fcnge. Zahlreiche historische Zeugnisse dokumentieren die Pr\\u00e4senz auf dem Territorium.\",\"breadcrumb\":{\"@id\":\"https:\/\/www.attems.it\/de\/die-geschichte\/#breadcrumb\"},\"inLanguage\":\"fr-FR\",\"potentialAction\":[{\"@type\":\"ReadAction\",\"target\":[\"https:\/\/www.attems.it\/de\/die-geschichte\/\"]}]},{\"@type\":\"BreadcrumbList\",\"@id\":\"https:\/\/www.attems.it\/de\/die-geschichte\/#breadcrumb\",\"itemListElement\":[{\"@type\":\"ListItem\",\"position\":1,\"item\":{\"@type\":\"WebPage\",\"@id\":\"https:\/\/www.attems.it\/fr\/\",\"url\":\"https:\/\/www.attems.it\/fr\/\",\"name\":\"Home\"}},{\"@type\":\"ListItem\",\"position\":2,\"item\":{\"@id\":\"https:\/\/www.attems.it\/de\/die-geschichte\/#webpage\"}}]}]}<\/script>\n<!-- \/ Yoast SEO plugin. -->","_links":{"self":[{"href":"https:\/\/www.attems.it\/fr\/wp-json\/wp\/v2\/pages\/4917"}],"collection":[{"href":"https:\/\/www.attems.it\/fr\/wp-json\/wp\/v2\/pages"}],"about":[{"href":"https:\/\/www.attems.it\/fr\/wp-json\/wp\/v2\/types\/page"}],"author":[{"embeddable":true,"href":"https:\/\/www.attems.it\/fr\/wp-json\/wp\/v2\/users\/9"}],"replies":[{"embeddable":true,"href":"https:\/\/www.attems.it\/fr\/wp-json\/wp\/v2\/comments?post=4917"}],"version-history":[{"count":5,"href":"https:\/\/www.attems.it\/fr\/wp-json\/wp\/v2\/pages\/4917\/revisions"}],"predecessor-version":[{"id":9561,"href":"https:\/\/www.attems.it\/fr\/wp-json\/wp\/v2\/pages\/4917\/revisions\/9561"}],"wp:attachment":[{"href":"https:\/\/www.attems.it\/fr\/wp-json\/wp\/v2\/media?parent=4917"}],"curies":[{"name":"wp","href":"https:\/\/api.w.org\/{rel}","templated":true}]}}

<p><strong>Attems im Collio</strong></p>
<p>Der Ursprung des Unternehmens Attems im Friaul liegt weit in der Vergangenheit. Zahlreiche historische Zeugnisse belegen ausführlich dessen Ansässigkeit in der Region, dessen exzellentes Beziehungsgeflecht in Handel, Politik und Gesellschaft sowie ein starkes Interesse am Weinbau.<br />
<strong>1964: Douglas Attems gründet das „Collio-Wein-Konsortium“</strong></p>
<p>Einer alten Tradition folgend gründete Graf Douglas Attems 1964 das “Consorzio dei Vini del Collio”, dem er bis zum Jahr 1999 vorstand. Anlass, diese wichtige Institution ins Leben zu rufen, war die Einführung von Qualitätsvorschriften, die auch heute noch gelten und darüber wachen, dass in einer Anbauzone eine natürliche Mengenbegrenzung der Trauben eingehalten und somit eine hohe Qualität der <a href="http://www.lucedellavite.com/de-de/lucebrunello2007(de-de).aspx#" target="_blank" rel="noopener">Weine</a>begünstigt wird.</p>

<p>Attems im Collio Der Ursprung des Unternehmens Attems im Friaul liegt weit in der Vergangenheit. Zahlreiche historische Zeugnisse belegen ausführlich&#8230;</p>

<!-- This site is optimized with the Yoast SEO plugin v16.3 - https://yoast.com/wordpress/plugins/seo/ -->
<meta name="description" content="Die Geschichte von Attems in Friaul hat antike Ursprünge. Zahlreiche historische Zeugnisse dokumentieren die Präsenz auf dem Territorium." />
<meta name="robots" content="index, follow, max-snippet:-1, max-image-preview:large, max-video-preview:-1" />
<link rel="canonical" href="https://www.attems.it/fr/die-geschichte/" />
<meta property="og:locale" content="fr_FR" />
<meta property="og:type" content="article" />
<meta property="og:title" content="Die Geschichte von Attems in Friaul hat antike Ursprünge" />
<meta property="og:description" content="Die Geschichte von Attems in Friaul hat antike Ursprünge. Zahlreiche historische Zeugnisse dokumentieren die Präsenz auf dem Territorium." />
<meta property="og:url" content="https://www.attems.it/de/die-geschichte/" />
<meta property="og:site_name" content="Attems" />
<meta property="article:modified_time" content="2021-11-26T16:11:25+00:00" />
<meta name="twitter:card" content="summary_large_image" />
<meta name="twitter:label1" content="Durée de lecture est.">
	<meta name="twitter:data1" content="1 minute">
<script type="application/ld+json" class="yoast-schema-graph">{"@context":"https://schema.org","@graph":[{"@type":"WebSite","@id":"https://www.attems.it/#website","url":"https://www.attems.it/","name":"Attems","description":"Nella storia e nel futuro dei vini del Friuli","potentialAction":[{"@type":"SearchAction","target":"https://www.attems.it/?s={search_term_string}","query-input":"required name=search_term_string"}],"inLanguage":"fr-FR"},{"@type":"WebPage","@id":"https://www.attems.it/de/die-geschichte/#webpage","url":"https://www.attems.it/de/die-geschichte/","name":"Die Geschichte von Attems in Friaul hat antike Urspr\u00fcnge","isPartOf":{"@id":"https://www.attems.it/#website"},"datePublished":"2015-04-23T12:38:22+00:00","dateModified":"2021-11-26T16:11:25+00:00","description":"Die Geschichte von Attems in Friaul hat antike Urspr\u00fcnge. Zahlreiche historische Zeugnisse dokumentieren die Pr\u00e4senz auf dem Territorium.","breadcrumb":{"@id":"https://www.attems.it/de/die-geschichte/#breadcrumb"},"inLanguage":"fr-FR","potentialAction":[{"@type":"ReadAction","target":["https://www.attems.it/de/die-geschichte/"]}]},{"@type":"BreadcrumbList","@id":"https://www.attems.it/de/die-geschichte/#breadcrumb","itemListElement":[{"@type":"ListItem","position":1,"item":{"@type":"WebPage","@id":"https://www.attems.it/fr/","url":"https://www.attems.it/fr/","name":"Home"}},{"@type":"ListItem","position":2,"item":{"@id":"https://www.attems.it/de/die-geschichte/#webpage"}}]}]}</script>
<!-- / Yoast SEO plugin. -->
