{"id":4799,"date":"2015-04-23T12:59:30","date_gmt":"2015-04-23T10:59:30","guid":{"rendered":"http:\/\/areatest.attems.it\/?page_id=4799"},"modified":"2023-12-20T11:28:36","modified_gmt":"2023-12-20T10:28:36","slug":"il-territorio-e-la-tenuta","status":"publish","type":"page","link":"https:\/\/www.attems.it\/en\/azienda\/il-territorio-e-la-tenuta\/","title":{"rendered":"Territorio e Tenuta"},"content":{"rendered":"<p>La tenuta si estende per 44 ettari sui declivi terrazzati a ovest di Gorizia, con esposizione a meridione, protetta sia dai venti freddi del nord sia dalla bora triestina. Un territorio particolarmente vocato alla viticultura, che gi\u00e0 alla fine dell\u2019Ottocento permise al Friuli Venezia Giulia di essere una delle prime regioni viticole italiane. Attems valorizza sia variet\u00e0 autoctone come la\u00a0<a href=\"https:\/\/www.attems.it\/vini\/ribolla-gialla\/\">Ribolla Gialla<\/a>\u00a0sia altri vitigni nobili quali\u00a0<a href=\"https:\/\/www.attems.it\/vini\/sauvignon\/\">Sauvignon<\/a> Blanc,\u00a0<a href=\"https:\/\/www.attems.it\/vini\/pinot-grigio\/\">Pinot Grigio<\/a>,\u00a0<a href=\"https:\/\/www.attems.it\/vini\/chardonnay\/\">Chardonnay<\/a>, che qui trovano condizioni ambientali ideali.<br \/>\nI vigneti crescono e danno i loro frutti in un ecosistema in cui regna la biodiversit\u00e0.<\/p>\n<h2>Un territorio unico<\/h2>\n<p>L\u2019azienda \u00e8 circondata da una natura integra e ricca di biodiversit\u00e0, elementi importanti anche in relazione alla coltivazione della vite. Da qualche anno \u00e8 stata introdotta la pratica agronomica del sovescio, consistente nell&#8217;interramento di apposite colture allo scopo di mantenere la fertilit\u00e0 del terreno.<br \/>\nLe tre caratteristiche distintive del territorio sono i terreni, le escursioni termiche, la luminosit\u00e0.<\/p>\n<h3>I terreni<\/h3>\n<p>La diversit\u00e0 di tre tipi di suolo \u00e8 una ricchezza importante che viene valorizzata al massimo, in relazione ai vitigni piantati.<\/p>\n<ul>\n<li>Nella zona dell\u2019Isonzo si trovano terreni alluvionali, caratterizzati da sabbie e argille spesso miste a ciottoli. \u00c8 un&#8217;area pi\u00f9 calda e umida con bassa ventilazione, ideale per i vigneti di Chardonnay e di Sauvignon Blanc, la cui raccolta \u00e8 anticipata per valorizzare la freschezza e il fruttato dei vini.<\/li>\n<li>La parte intermedia delle propriet\u00e0, chiamata \u201cmanine\u201d, \u00e8 una zona pianeggiante tra Collio e Isonzo, caratterizzata da terreni limosi con buon drenaggio. I varietali piantati sono il Pinot Grigio e la Ribolla Gialla, caratterizzati da finezza ed eleganza.<\/li>\n<li>La parte pi\u00f9 elevata, pi\u00f9 fresca e ventilata, si trova in Collio. Prende il suo nome, \u201cPonca\u201d, da un particolare suolo di arenarie, la cui composizione di origine marina risale a milioni di anni fa, con alternanza di marna. Si tratta di un terreno ideale per la viticoltura, capace di influenzare le caratteristiche aromatiche dell\u2019uva e la sapidit\u00e0 del vino. Il vigneto coltivato \u00e8 il Sauvignon Blanc. La collina del Cicinis, piantata a Sauvignon Blanc, viene vendemmiata in due momenti, prima nella zona inferiore e successivamente in quella superiore.<\/li>\n<\/ul>\n<p>Nell&#8217;intera area, la vicinanza alle Alpi Giulie determina perturbazioni e quindi piogge abbondanti, quantificabili tra i 1000 e i 1600 millimetri, ben distribuiti nel corso dell\u2019anno.<br \/>\nSi crea cos\u00ec nel terreno una riserva idrica nelle falde superficiali che garantisce l\u2019ideale apporto d\u2019acqua anche nei mesi pi\u00f9 caldi.<br \/>\nLa ventilazione \u00e8 costante durante tutto l\u2019anno. In estate, le brezze spirano da Est, mantenendo il cielo pulito da nubi e abbassando il tasso di umidit\u00e0.<br \/>\nIn una zona particolarmente piovosa come il Collio, questo \u00e8 essenziale per ridurre i rischi di malattie fungine.<\/p>\n<h3>Le escursioni termiche<\/h3>\n<p>L\u2019inverno si presenta assai rigido, con temperature spesso sotto lo zero. L\u2019estate non \u00e8 eccessivamente calda, con temperature massime contenute sotto i 30\u00b0C.<br \/>\nLa conformazione collinare della zona genera una sensibile escursione termica tra le temperature del giorno e della notte.<br \/>\nUn insieme di condizioni che favoriscono l\u2019accumulo di zuccheri, pigmenti e sostanze aromatiche nelle uve.<\/p>\n<h3>La luminosit\u00e0<\/h3>\n<p>I vigneti Attems si trovano molto vicino al mare, a meno di 15 chilometri dall\u2019Adriatico. L&#8217;effetto di rifrazione dei raggi solari sul golfo di Trieste regala al Collio una luce intensa, unica e del tutto particolare. Una luminosit\u00e0 che tra agosto e settembre contribuisce a rendere ottimale la maturazione delle uve e che, unitamente all&#8217;elevata escursione termica, crea in questa regione un microclima ideale per la produzione di grandi vini bianchi.<\/p>\n<h4><\/h4>\n","protected":false},"excerpt":{"rendered":"<p>La tenuta si estende per 44 ettari sui declivi terrazzati a ovest di Gorizia, con esposizione a meridione, protetta sia&#8230;<\/p>\n","protected":false},"author":9,"featured_media":0,"parent":4722,"menu_order":0,"comment_status":"open","ping_status":"open","template":"page-custom-istituzionale.php","meta":[],"yoast_head":"<!-- This site is optimized with the Yoast SEO plugin v16.3 - https:\/\/yoast.com\/wordpress\/plugins\/seo\/ -->\n<meta name=\"description\" content=\"La tenuta Attems si trova in un territorio vocato alla viticoltura. Scopri i segreti che rendono cos\u00ec pregiati i vini della cantina Attems.\" \/>\n<meta name=\"robots\" content=\"index, follow, max-snippet:-1, max-image-preview:large, max-video-preview:-1\" \/>\n<link rel=\"canonical\" href=\"https:\/\/www.attems.it\/en\/azienda\/il-territorio-e-la-tenuta\/\" \/>\n<meta property=\"og:locale\" content=\"en_US\" \/>\n<meta property=\"og:type\" content=\"article\" \/>\n<meta property=\"og:title\" content=\"La Tenuta e il Territorio | Attems\" \/>\n<meta property=\"og:description\" content=\"La tenuta Attems si trova in un territorio vocato alla viticoltura. Scopri i segreti che rendono cos\u00ec pregiati i vini della cantina Attems.\" \/>\n<meta property=\"og:url\" content=\"https:\/\/www.attems.it\/azienda\/il-territorio-e-la-tenuta\/\" \/>\n<meta property=\"og:site_name\" content=\"Attems\" \/>\n<meta property=\"article:modified_time\" content=\"2023-12-20T10:28:36+00:00\" \/>\n<meta name=\"twitter:card\" content=\"summary_large_image\" \/>\n<meta name=\"twitter:label1\" content=\"Est. reading time\">\n\t<meta name=\"twitter:data1\" content=\"3 minutes\">\n<script type=\"application\/ld+json\" class=\"yoast-schema-graph\">{\"@context\":\"https:\/\/schema.org\",\"@graph\":[{\"@type\":\"WebSite\",\"@id\":\"https:\/\/www.attems.it\/#website\",\"url\":\"https:\/\/www.attems.it\/\",\"name\":\"Attems\",\"description\":\"Nella storia e nel futuro dei vini del Friuli\",\"potentialAction\":[{\"@type\":\"SearchAction\",\"target\":\"https:\/\/www.attems.it\/?s={search_term_string}\",\"query-input\":\"required name=search_term_string\"}],\"inLanguage\":\"en-US\"},{\"@type\":\"WebPage\",\"@id\":\"https:\/\/www.attems.it\/azienda\/il-territorio-e-la-tenuta\/#webpage\",\"url\":\"https:\/\/www.attems.it\/azienda\/il-territorio-e-la-tenuta\/\",\"name\":\"La Tenuta e il Territorio | Attems\",\"isPartOf\":{\"@id\":\"https:\/\/www.attems.it\/#website\"},\"datePublished\":\"2015-04-23T10:59:30+00:00\",\"dateModified\":\"2023-12-20T10:28:36+00:00\",\"description\":\"La tenuta Attems si trova in un territorio vocato alla viticoltura. Scopri i segreti che rendono cos\\u00ec pregiati i vini della cantina Attems.\",\"breadcrumb\":{\"@id\":\"https:\/\/www.attems.it\/azienda\/il-territorio-e-la-tenuta\/#breadcrumb\"},\"inLanguage\":\"en-US\",\"potentialAction\":[{\"@type\":\"ReadAction\",\"target\":[\"https:\/\/www.attems.it\/azienda\/il-territorio-e-la-tenuta\/\"]}]},{\"@type\":\"BreadcrumbList\",\"@id\":\"https:\/\/www.attems.it\/azienda\/il-territorio-e-la-tenuta\/#breadcrumb\",\"itemListElement\":[{\"@type\":\"ListItem\",\"position\":1,\"item\":{\"@type\":\"WebPage\",\"@id\":\"https:\/\/www.attems.it\/en\/\",\"url\":\"https:\/\/www.attems.it\/en\/\",\"name\":\"Home\"}},{\"@type\":\"ListItem\",\"position\":2,\"item\":{\"@type\":\"WebPage\",\"@id\":\"https:\/\/www.attems.it\/azienda\/\",\"url\":\"https:\/\/www.attems.it\/azienda\/\",\"name\":\"Azienda\"}},{\"@type\":\"ListItem\",\"position\":3,\"item\":{\"@id\":\"https:\/\/www.attems.it\/azienda\/il-territorio-e-la-tenuta\/#webpage\"}}]}]}<\/script>\n<!-- \/ Yoast SEO plugin. -->","_links":{"self":[{"href":"https:\/\/www.attems.it\/en\/wp-json\/wp\/v2\/pages\/4799"}],"collection":[{"href":"https:\/\/www.attems.it\/en\/wp-json\/wp\/v2\/pages"}],"about":[{"href":"https:\/\/www.attems.it\/en\/wp-json\/wp\/v2\/types\/page"}],"author":[{"embeddable":true,"href":"https:\/\/www.attems.it\/en\/wp-json\/wp\/v2\/users\/9"}],"replies":[{"embeddable":true,"href":"https:\/\/www.attems.it\/en\/wp-json\/wp\/v2\/comments?post=4799"}],"version-history":[{"count":38,"href":"https:\/\/www.attems.it\/en\/wp-json\/wp\/v2\/pages\/4799\/revisions"}],"predecessor-version":[{"id":11835,"href":"https:\/\/www.attems.it\/en\/wp-json\/wp\/v2\/pages\/4799\/revisions\/11835"}],"up":[{"embeddable":true,"href":"https:\/\/www.attems.it\/en\/wp-json\/wp\/v2\/pages\/4722"}],"wp:attachment":[{"href":"https:\/\/www.attems.it\/en\/wp-json\/wp\/v2\/media?parent=4799"}],"curies":[{"name":"wp","href":"https:\/\/api.w.org\/{rel}","templated":true}]}}

<p>La tenuta si estende per 44 ettari sui declivi terrazzati a ovest di Gorizia, con esposizione a meridione, protetta sia dai venti freddi del nord sia dalla bora triestina. Un territorio particolarmente vocato alla viticultura, che già alla fine dell’Ottocento permise al Friuli Venezia Giulia di essere una delle prime regioni viticole italiane. Attems valorizza sia varietà autoctone come la <a href="https://www.attems.it/vini/ribolla-gialla/">Ribolla Gialla</a> sia altri vitigni nobili quali <a href="https://www.attems.it/vini/sauvignon/">Sauvignon</a> Blanc, <a href="https://www.attems.it/vini/pinot-grigio/">Pinot Grigio</a>, <a href="https://www.attems.it/vini/chardonnay/">Chardonnay</a>, che qui trovano condizioni ambientali ideali.<br />
I vigneti crescono e danno i loro frutti in un ecosistema in cui regna la biodiversità.</p>
<h2>Un territorio unico</h2>
<p>L’azienda è circondata da una natura integra e ricca di biodiversità, elementi importanti anche in relazione alla coltivazione della vite. Da qualche anno è stata introdotta la pratica agronomica del sovescio, consistente nell&#8217;interramento di apposite colture allo scopo di mantenere la fertilità del terreno.<br />
Le tre caratteristiche distintive del territorio sono i terreni, le escursioni termiche, la luminosità.</p>
<h3>I terreni</h3>
<p>La diversità di tre tipi di suolo è una ricchezza importante che viene valorizzata al massimo, in relazione ai vitigni piantati.</p>
<ul>
<li>Nella zona dell’Isonzo si trovano terreni alluvionali, caratterizzati da sabbie e argille spesso miste a ciottoli. È un&#8217;area più calda e umida con bassa ventilazione, ideale per i vigneti di Chardonnay e di Sauvignon Blanc, la cui raccolta è anticipata per valorizzare la freschezza e il fruttato dei vini.</li>
<li>La parte intermedia delle proprietà, chiamata “manine”, è una zona pianeggiante tra Collio e Isonzo, caratterizzata da terreni limosi con buon drenaggio. I varietali piantati sono il Pinot Grigio e la Ribolla Gialla, caratterizzati da finezza ed eleganza.</li>
<li>La parte più elevata, più fresca e ventilata, si trova in Collio. Prende il suo nome, “Ponca”, da un particolare suolo di arenarie, la cui composizione di origine marina risale a milioni di anni fa, con alternanza di marna. Si tratta di un terreno ideale per la viticoltura, capace di influenzare le caratteristiche aromatiche dell’uva e la sapidità del vino. Il vigneto coltivato è il Sauvignon Blanc. La collina del Cicinis, piantata a Sauvignon Blanc, viene vendemmiata in due momenti, prima nella zona inferiore e successivamente in quella superiore.</li>
</ul>
<p>Nell&#8217;intera area, la vicinanza alle Alpi Giulie determina perturbazioni e quindi piogge abbondanti, quantificabili tra i 1000 e i 1600 millimetri, ben distribuiti nel corso dell’anno.<br />
Si crea così nel terreno una riserva idrica nelle falde superficiali che garantisce l’ideale apporto d’acqua anche nei mesi più caldi.<br />
La ventilazione è costante durante tutto l’anno. In estate, le brezze spirano da Est, mantenendo il cielo pulito da nubi e abbassando il tasso di umidità.<br />
In una zona particolarmente piovosa come il Collio, questo è essenziale per ridurre i rischi di malattie fungine.</p>
<h3>Le escursioni termiche</h3>
<p>L’inverno si presenta assai rigido, con temperature spesso sotto lo zero. L’estate non è eccessivamente calda, con temperature massime contenute sotto i 30°C.<br />
La conformazione collinare della zona genera una sensibile escursione termica tra le temperature del giorno e della notte.<br />
Un insieme di condizioni che favoriscono l’accumulo di zuccheri, pigmenti e sostanze aromatiche nelle uve.</p>
<h3>La luminosità</h3>
<p>I vigneti Attems si trovano molto vicino al mare, a meno di 15 chilometri dall’Adriatico. L&#8217;effetto di rifrazione dei raggi solari sul golfo di Trieste regala al Collio una luce intensa, unica e del tutto particolare. Una luminosità che tra agosto e settembre contribuisce a rendere ottimale la maturazione delle uve e che, unitamente all&#8217;elevata escursione termica, crea in questa regione un microclima ideale per la produzione di grandi vini bianchi.</p>
<h4></h4>

<!-- This site is optimized with the Yoast SEO plugin v16.3 - https://yoast.com/wordpress/plugins/seo/ -->
<meta name="description" content="La tenuta Attems si trova in un territorio vocato alla viticoltura. Scopri i segreti che rendono così pregiati i vini della cantina Attems." />
<meta name="robots" content="index, follow, max-snippet:-1, max-image-preview:large, max-video-preview:-1" />
<link rel="canonical" href="https://www.attems.it/en/azienda/il-territorio-e-la-tenuta/" />
<meta property="og:locale" content="en_US" />
<meta property="og:type" content="article" />
<meta property="og:title" content="La Tenuta e il Territorio | Attems" />
<meta property="og:description" content="La tenuta Attems si trova in un territorio vocato alla viticoltura. Scopri i segreti che rendono così pregiati i vini della cantina Attems." />
<meta property="og:url" content="https://www.attems.it/azienda/il-territorio-e-la-tenuta/" />
<meta property="og:site_name" content="Attems" />
<meta property="article:modified_time" content="2023-12-20T10:28:36+00:00" />
<meta name="twitter:card" content="summary_large_image" />
<meta name="twitter:label1" content="Est. reading time">
	<meta name="twitter:data1" content="3 minutes">
<script type="application/ld+json" class="yoast-schema-graph">{"@context":"https://schema.org","@graph":[{"@type":"WebSite","@id":"https://www.attems.it/#website","url":"https://www.attems.it/","name":"Attems","description":"Nella storia e nel futuro dei vini del Friuli","potentialAction":[{"@type":"SearchAction","target":"https://www.attems.it/?s={search_term_string}","query-input":"required name=search_term_string"}],"inLanguage":"en-US"},{"@type":"WebPage","@id":"https://www.attems.it/azienda/il-territorio-e-la-tenuta/#webpage","url":"https://www.attems.it/azienda/il-territorio-e-la-tenuta/","name":"La Tenuta e il Territorio | Attems","isPartOf":{"@id":"https://www.attems.it/#website"},"datePublished":"2015-04-23T10:59:30+00:00","dateModified":"2023-12-20T10:28:36+00:00","description":"La tenuta Attems si trova in un territorio vocato alla viticoltura. Scopri i segreti che rendono cos\u00ec pregiati i vini della cantina Attems.","breadcrumb":{"@id":"https://www.attems.it/azienda/il-territorio-e-la-tenuta/#breadcrumb"},"inLanguage":"en-US","potentialAction":[{"@type":"ReadAction","target":["https://www.attems.it/azienda/il-territorio-e-la-tenuta/"]}]},{"@type":"BreadcrumbList","@id":"https://www.attems.it/azienda/il-territorio-e-la-tenuta/#breadcrumb","itemListElement":[{"@type":"ListItem","position":1,"item":{"@type":"WebPage","@id":"https://www.attems.it/en/","url":"https://www.attems.it/en/","name":"Home"}},{"@type":"ListItem","position":2,"item":{"@type":"WebPage","@id":"https://www.attems.it/azienda/","url":"https://www.attems.it/azienda/","name":"Azienda"}},{"@type":"ListItem","position":3,"item":{"@id":"https://www.attems.it/azienda/il-territorio-e-la-tenuta/#webpage"}}]}]}</script>
<!-- / Yoast SEO plugin. -->
